me factors of r(a).
2
Suppose t + 9*s - 12*s - 168 = 0, 0 = -4*t + s + 672. What are the prime factors of t?
2, 3, 7
Let x = -7 - -1. Let h(z) = -z**2 - 7*z - 6. Let t be h(x). What are the prime factors of (t - 0 - 0) + 19?
19
Suppose 10*z - 1347 - 3713 = 0. What are the prime factors of z?
2, 11, 23
Suppose 1927 + 1548 = 5*g. Suppose 2*s + 1533 = h, 3*s - 4*h + 2987 = g. List the prime factors of (3/6)/((-6)/s).
2
Suppose -2*u = -5*x - 28, -7*x + 2*x = -4*u + 36. Suppose -u*d = d - 20. Suppose 11 = -d*g + 107. What are the prime factors of g?
2, 3
Let v = -45 - -36. What are the prime factors of ((-132)/v)/((-1)/(-3))?
2, 11
List the prime factors of 1/((-4)/(-1658)) + (-30)/(-20).
2, 13
Suppose -z = -w - 2*w - 301, -3*z + 931 = -2*w. List the prime factors of z.
313
Let v(q) = -13*q + 38. Let w be 1/4 + (-245)/20. What are the prime factors of v(w)?
2, 97
Suppose -2*m - 4 - 5 = 5*l, 3*m + 5*l = -1. Let a(p) = -p**2 + 8*p + 8. Let y be a(m). Suppose -c + y = -18. What are the prime factors of c?
2, 13
Suppose 6443 = 11*s - 14358. What are the prime factors of s?
31, 61
Suppose 0 = 17*s - 75 - 367. List the prime factors of s.
2, 13
Let x = -1009 - -1724. List the prime factors of x.
5, 11, 13
Let t be 0 + 1*(-800)/(-4). Suppose t = 4*y + y. Let l = 2 + y. What are the prime factors of l?
2, 3, 7
Let w(f) = -f + 5. Let z be w(2). Suppose 0 = 2*j - l - 148, j + 5*l = z*l + 69. List the prime factors of j.
73
Let h(b) = -52*b**3 + 15 + 4*b**2 + 1 - 3*b**2 + 53*b**3. List the prime factors of h(0).
2
Suppose 2*t + 3*r = 5*r + 592, 4*t - 1198 = -3*r. List the prime factors of t.
2, 149
Suppose 77*m + 3210 = 83*m. What are the prime factors of m?
5, 107
Suppose -2*i + 4*c - 170 - 10 = 0, -4*i - c - 342 = 0. Let l be (-11)/2*(1 + 7). Let h = l - i. List the prime factors of h.
2, 3, 7
List the prime factors of 2/1*(-45 + 1900).
2, 5, 7, 53
Let s(g) = -1015*g - 13. List the prime factors of s(-1).
2, 3, 167
Let i(t) = t**3 + t + 2. Let z be i(-3). Let v = z + 27. List the prime factors of (14/10 + v)*135.
2, 3
Let x = 64 - 64. Suppose x*w = w - 3*i - 108, -408 = -4*w + 4*i. What are the prime factors of w?
3, 11
Let z be 2 - (0 - 4/2). Let n(f) = f**2 - 3*f + 1. Let x be n(z). Suppose -3*m + p + 25 = -40, -3*m + x*p + 85 = 0. What are the prime factors of m?
2, 5
Let t = 136 - 358. Let o be (t - 4)*(-5)/10. Let h = o + -78. List the prime factors of h.
5, 7
Let t(m) = -m**2 + 9*m - 9. Let r be t(6). Let q be (-26)/4*(r - 1). Let n = q - -86. What are the prime factors of n?
2, 17
Suppose 93 = 2*g - t - 76, 3*g - 5*t - 257 = 0. Suppose g = 3*h - 24. Suppose 10 = -2*q + h. List the prime factors of q.
13
Suppose 4*m + 32 - 352 = 0. Let t = m - 30. What are the prime factors of t?
2, 5
Let t = -12 + 16. Suppose -2 = -3*g + 4*g - p, t*p = -2*g + 26. Suppose -g*r + 1 = -4*i, 3*i - 8*i = -r - 18. What are the prime factors of r?
7
Let l = 1707 + -1192. List the prime factors of l.
5, 103
Let b = 1432 + -866. Suppose -5*g + b = 111. List the prime factors of g.
7, 13
Suppose x = 5*r - 25, -5*r - 5*x + 25 = -x. Suppose -r*s + 8*s - 57 = 0. Suppose 37 + s = 4*i. List the prime factors of i.
2, 7
Let a(n) = -n**3 - n**2 - n + 7. Let h be a(0). Let y = 7 - h. Suppose y = 7*u - 3*u - k - 81, -2*u = -3*k - 33. What are the prime factors of u?
3, 7
Let j = 5001 - 2336. What are the prime factors of j?
5, 13, 41
Let m = -2363 + 3548. What are the prime factors of m?
3, 5, 79
Let l = -3 - -3. Suppose l = t + 2*f - 62, -2*t - f - 207 = -5*t. List the prime factors of t.
2, 17
Suppose 23 = -g + 4*f, -3*f = f - 4. Let m = 53 + g. List the prime factors of m.
2, 17
Let w(j) = j + 18. Let b be w(-16). List the prime factors of b/12*-2 - (-4224)/36.
3, 13
Let g be (-10)/8 - (-4)/16. List the prime factors of ((-7)/2)/(g/2).
7
Suppose -j + 5*k = -2572, -5*j = 5*k + 6361 - 19371. List the prime factors of j.
7, 53
Let b = 216 - 303. Let j = 122 + b. List the prime factors of j.
5, 7
Suppose -3*b - b + 20 = 0. Suppose -b*r = -95 - 240. Let z = r - 44. List the prime factors of z.
23
Suppose -4*a + 51 = 2*u + 5, 2*a = 5*u - 67. What are the prime factors of u?
3, 5
Let f be (-436)/6 + (-1)/3. Let p = f - -107. What are the prime factors of p?
2, 17
Let j = -307 + 167. List the prime factors of (j/(-6))/(4/6).
5, 7
Suppose -3*d = -2*g + 619, -2*d - 4*g = -g + 404. Let n = -35 + d. List the prime factors of n/(-39) - 8/52.
2, 3
Suppose 0 = -5*x + 812 + 1153. Suppose 528 = 4*b - o, -x = -2*b - 3*o - 129. What are the prime factors of b?
2, 3, 11
Suppose 2*g - 22*f = -20*f + 2092, 3*f = 6. What are the prime factors of g?
2, 131
Suppose 23175 = 12*u - 16785. List the prime factors of u.
2, 3, 5, 37
Let n(o) = 16*o - 2. Let a be n(3). Let g = 100 - 133. Let k = g + a. What are the prime factors of k?
13
Let b be 217 + 3 + -3 + 3. Suppose 5*d = -g + 195, 3*g = -5*d + 7*g + b. Let h = -21 + d. What are the prime factors of h?
19
Let a(w) be the first derivative of -w**2 + 17*w - 17. Suppose -p - 3 = 8. What are the prime factors of a(p)?
3, 13
Let y = -10 + 10. Suppose 3*s = -w + 149, 2*s = -y*s - 3*w + 111. What are the prime factors of s?
2, 3
Let z be (-16)/(-88) + 106/22. Let g = -19 + z. Let o = 29 + g. What are the prime factors of o?
3, 5
Let d(g) = 2*g**2 + 25*g + 167. What are the prime factors of d(-27)?
2, 5, 19
Let h be -13 + 15 + 0 + 44. Suppose 5*d = -3*x - 8, 7*x - 2*d + 3 = 2*x. Let c = x + h. What are the prime factors of c?
3, 5
Let t(q) = -267*q + 48. List the prime factors of t(-7).
3, 71
Let w = -8 + 11. Let x(f) = f**3 - 2*f**2 + 2*f - 2. Let d be x(2). Suppose w*t - 6*t - 82 = -4*l, d*l + 4*t = 52. What are the prime factors of l?
2, 11
Suppose -55 = -3*a - 5*i, -4*i - 26 = -2*a - 2*i. What are the prime factors of 75/10*(258/a + -4)?
3, 11
Suppose -x + 5*x = 5224. What are the prime factors of x?
2, 653
Let x(h) = h**3 + 4*h**2 + 2*h. Let j be x(-3). List the prime factors of j - (-9)/(6 + -3).
2, 3
Suppose 0 - 15 = -3*h, 4*m = -2*h - 270. Let j = -41 - m. List the prime factors of j.
29
Suppose s - 2*j = 100 + 395, 4*s + j - 1944 = 0. List the prime factors of s.
487
Suppose -f = 3*s - 107 - 0, 5*f = -2*s + 67. List the prime factors of s.
2, 3
Suppose -3*g - 8 = -g. Let x be (1/g)/(1/(-124)). Suppose -37 = -4*c + x. What are the prime factors of c?
17
What are the prime factors of (-15)/(-3) + -6 - (-18333)/9?
2, 509
Suppose 0 = 9*d - 27 + 54. List the prime factors of (4 + d)/((-1)/(-59)).
59
Suppose -4*f - l + 16 = 0, -16 = -4*f + l - 5*l. Suppose 0 = 9*r - 0*r - 279. Suppose 12 = -3*x, -f*w = w + x - r. What are the prime factors of w?
7
Let i = -16 - -11. Let t be 25 - (i - (-4)/1). Suppose -4*x = c - 7*x - t, 4*c - 2*x = 144. List the prime factors of c.
2, 19
Let v = -165 + 1181. List the prime factors of v.
2, 127
Let a(w) = 108*w + 568. What are the prime factors of a(37)?
2, 7, 163
Let q be ((-5)/2)/((-4)/8). Suppose -4*z + 47 = q*h, -2*z - 3*h + 28 = -5*h. Suppose 15*c - 154 = z*c. What are the prime factors of c?
7, 11
Let b(c) = 3*c - 2. Let i(n) be the first derivative of n**3/3 - n**2 - n - 1. Let s be i(-2). What are the prime factors of b(s)?
19
Let r(y) = y**2 - 17*y + 12. Let o be -3 + -3*38/(-6). Let n be r(o). What are the prime factors of 44/n*(3 - 4)?
11
Let g be 565/(-20) + 5/4 + -1. Let h = g - -47. List the prime factors of h.
19
Suppose -8*f = -1318 - 1586. List the prime factors of f.
3, 11
Let t(u) = 123*u**2 + 3*u - 17. List the prime factors of t(3).
7, 157
Suppose -2*b = 9*b - 3355. List the prime factors of b.
5, 61
Let n = -72 + 61. Let k(m) = m**3 + 12*m**2 - 2*m - 16. List the prime factors of k(n).
127
Let o = 6 - -2. Let g(a) = a**3 - 9*a**2 + 8*a + 2. Let s be g(o). Suppose s*h - 10 = 38. What are the prime factors of h?
2, 3
List the prime factors of 7 - (-48)/(-18)*-339.
911
Suppose -35*n + 87047 = -85573. What are the prime factors of n?
2, 3, 137
Let z = 5487 + -3290. What are the prime factors of z?
13
Let s(y) = -y**2 + 11*y - 8. Let o = 23 + -14. Let i be s(o). Suppose i + 14 = 2*z. List the prime factors of z.
2, 3
Let w(t) = -250*t - 39. What are the prime factors of w(-13)?
13, 19
Let r(m) = m**3 - 7*m**2 + 3*m - 17. Let w be r(7). Suppose b - 2*b + 30 = 0. Let y = b + w. List the prime factors of y.
2, 